{"id":58,"date":"2019-04-09T16:41:52","date_gmt":"2019-04-09T14:41:52","guid":{"rendered":"http:\/\/186.112.214.2\/web\/?page_id=58"},"modified":"2019-04-10T17:37:14","modified_gmt":"2019-04-10T22:37:14","slug":"historia","status":"publish","type":"page","link":"https:\/\/www.iepioxii.edu.co\/web\/?page_id=58","title":{"rendered":"HISTORIA"},"content":{"rendered":"\r\n<p>La creaci\u00f3n de la Instituci\u00f3n Educativa P\u00edo XII, constituye un cap\u00edtulo importante de la historia de Mocoa y el Putumayo, ligada a su desarrollo, por su aporte a la formaci\u00f3n de juventudes, quienes hoy como profesionales y personas de bien se desempe\u00f1an en las diferentes \u00e1reas del saber y de producci\u00f3n de la regi\u00f3n y del pa\u00eds.<\/p>\r\n\r\n\r\n\r\n<p>En los inicios del siglo XX, encontramos las ra\u00edces de la fundaci\u00f3n de la Escuela Primaria en el a\u00f1o 1907 y pasaron cincuenta a\u00f1os para la creaci\u00f3n de la secci\u00f3n secundaria.&nbsp;<\/p>\r\n\r\n\r\n\r\n<p>La secci\u00f3n secundaria fu\u00e9 fundada por Resoluci\u00f3n Nro. 19 de fecha 19 de septiembre de 1.957, dictada por el Excelent\u00edsimo Sr. Obispo Fray Pl\u00e1cido Camilo Crous, Inspector General de la Educaci\u00f3n en el Putumayo y ratificada por Decreto No 129 de fecha 19 de agosto de 1.958, dictado por el se\u00f1or Comisario Especial Dr. Jos\u00e9 F\u00e9lix Guerrero.<\/p>\r\n\r\n\r\n\r\n<p>Comenz\u00f3 a funcionar el primero de Octubre de 1.958 en el sal\u00f3n del convento de los R.R.P.P. misioneros capuchinos de la orden de San Francisco de As\u00eds, con 26 alumnos de primer a\u00f1o, de los cuales terminaron 24.<\/p>\r\n\r\n\r\n\r\n<p>Intervinieron para la consecuci\u00f3n del Colegio, el Excelent\u00edsimo se\u00f1or Obispo Fray Pl\u00e1cido Camilo Croux, el Reverendo Padre Fray Luis de Castellar, y los ciudadanos Dr. Jorge E. Viveros, Luis F. Quiroz, Anselmo D\u00e1vila, Jos\u00e9 J. Salazar, Felipe Hidalgo, Juan M, Herrera , Luis Max Bravo y Manuel J. Vivas.<\/p>\r\n\r\n\r\n\r\n<p>El d\u00eda 12 de Octubre de 1.958, se inaugur\u00f3 el colegio en las horas de la ma\u00f1ana en un acto solemne, tuvo lugar la bendici\u00f3n del sal\u00f3n donde iba a seguir funcionando el primer curso del \u201cINSTITUTO P\u00cdO XII SECCI\u00d3N DE BACHILLERATO DE MOCOA\u201d, en el convento de los reverendos Padres Misioneros Capuchinos, en cuyo acto de instalaci\u00f3n llevaron la palabra los se\u00f1ores Enrique Mor\u00e1n, Luis F. Quiroz y el Reverendo padre Pascual de Castellar.<\/p>\r\n\r\n\r\n\r\n<div class=\"wp-block-image\" style=\"text-align: center;\">\r\n<figure class=\"aligncenter\"><br><img loading=\"lazy\" decoding=\"async\" class=\"size-medium wp-image-302 aligncenter\" src=\"http:\/\/186.112.214.2\/web\/wp-content\/uploads\/2019\/04\/HISTORIA_clip_image002_0002-300x270.gif\" alt=\"\" width=\"300\" height=\"270\">\r\n<figcaption>Mocoa 1953 en el centro Padre Pascual de Castelar y Monse\u00f1or Camilo Croux.&nbsp;<\/figcaption>\r\n<\/figure>\r\n<\/div>\r\n\r\n\r\n\r\n<div class=\"wp-block-image\" style=\"text-align: center;\">\r\n<figure class=\"aligncenter\"><br><img loading=\"lazy\" decoding=\"async\" class=\"size-medium wp-image-303 aligncenter\" src=\"http:\/\/186.112.214.2\/web\/wp-content\/uploads\/2019\/04\/HISTORIA_clip_image002_0003-300x225.gif\" alt=\"\" width=\"300\" height=\"225\">\r\n<figcaption>Mocoa, Escuela Primaria Pio XII 1951<\/figcaption>\r\n<\/figure>\r\n<\/div>\r\n\r\n\r\n\r\n<p>Mediante Ley No 42 de Noviembre de 1.960, el Instituto Pio XII, pas\u00f3 a denominarse Colegio Pio XII.<\/p>\r\n\r\n\r\n\r\n<p>En 1.976 se empez\u00f3 a brindar educaci\u00f3n mixta en todos los grados.&nbsp;<\/p>\r\n\r\n\r\n\r\n<p>El 7 de Abril de 1.987 el Ministerio de Educaci\u00f3n Nacional aprueba los estudios del ciclo b\u00e1sico de la Media Vocacional y los cursos d\u00e9cimo y once de bachillerato mixto con las jornadas ma\u00f1ana y tarde.&nbsp;<\/p>\r\n\r\n\r\n\r\n<p>Seg\u00fan Decreto 0605 del 16 de Diciembre de 2002 se cambia el t\u00e9rmino Colegio por Instituci\u00f3n Educativa P\u00edo XII con la integraci\u00f3n de las sedes el Progreso, el Jard\u00edn y Centro de Educaci\u00f3n Especial bajo una sola rector\u00eda.<\/p>\r\n\r\n\r\n\r\n<p><strong>RECTORES<\/strong><\/p>\r\n\r\n\r\n\r\n<p>Los rectores que han dirigido la instituci\u00f3n son:&nbsp;<\/p>\r\n\r\n\r\n\r\n<p>Fray Pascual de Castellar, Enrique Mor\u00e1n, Fray Ricardo de Matar\u00f3, Padre Jes\u00fas Octavio Quintero, Padre Julio Roberto Morillo, Hermano Santiago Clemente Gonz\u00e1lez, Mg. Jes\u00fas Ernesto Maya Burbano, Lic. Luis Ernesto Paredes, Lic. Adolfo Paredes, Lic. Santander Medina, Lic. Carlos Ram\u00edrez Perea, Lic. Di\u00f3genes Burgos, Lic. Sigifredo Chamorro, Mg. Gerardo Sanchez, Esp. Manuel Narvaez, Esp. Jorge Eliecer Mustaf\u00e1, Esp. Willington Hernando Viveros, Esp. Jorge Eliecer Mustaf\u00e1. En el a\u00f1o 2007 llega a la rector\u00eda el Esp. James Meza Sevillano actual rector.<\/p>\r\n\r\n\r\n\r\n<div class=\"wp-block-image\" style=\"text-align: center;\">\r\n<figure class=\"aligncenter\"><img decoding=\"async\" class=\"wp-image-64 aligncenter\" src=\"http:\/\/186.112.214.2\/web\/wp-content\/uploads\/2019\/04\/Mustafa.jpg\" alt=\"\">\r\n<figcaption>Esp. Jorge Eliecer Mustafa<\/figcaption>\r\n<\/figure>\r\n<\/div>\r\n\r\n\r\n\r\n<p>&nbsp;<\/p>\r\n","protected":false},"excerpt":{"rendered":"<p>La creaci\u00f3n de la Instituci\u00f3n Educativa P\u00edo XII, constituye un cap\u00edtulo importante de la historia de Mocoa y el Putumayo, ligada a su desarrollo, por su aporte a la formaci\u00f3n de juventudes, quienes hoy como profesionales y personas de bien se desempe\u00f1an en las diferentes \u00e1reas del saber y de producci\u00f3n de la regi\u00f3n y [&hellip;]<\/p>\n","protected":false},"author":1,"featured_media":0,"parent":0,"menu_order":0,"comment_status":"closed","ping_status":"closed","template":"","meta":{"ngg_post_thumbnail":0,"footnotes":""},"class_list":["post-58","page","type-page","status-publish","hentry","post-preview"],"_links":{"self":[{"href":"https:\/\/www.iepioxii.edu.co\/web\/index.php?rest_route=\/wp\/v2\/pages\/58"}],"collection":[{"href":"https:\/\/www.iepioxii.edu.co\/web\/index.php?rest_route=\/wp\/v2\/pages"}],"about":[{"href":"https:\/\/www.iepioxii.edu.co\/web\/index.php?rest_route=\/wp\/v2\/types\/page"}],"author":[{"embeddable":true,"href":"https:\/\/www.iepioxii.edu.co\/web\/index.php?rest_route=\/wp\/v2\/users\/1"}],"replies":[{"embeddable":true,"href":"https:\/\/www.iepioxii.edu.co\/web\/index.php?rest_route=%2Fwp%2Fv2%2Fcomments&post=58"}],"version-history":[{"count":8,"href":"https:\/\/www.iepioxii.edu.co\/web\/index.php?rest_route=\/wp\/v2\/pages\/58\/revisions"}],"predecessor-version":[{"id":145,"href":"https:\/\/www.iepioxii.edu.co\/web\/index.php?rest_route=\/wp\/v2\/pages\/58\/revisions\/145"}],"wp:attachment":[{"href":"https:\/\/www.iepioxii.edu.co\/web\/index.php?rest_route=%2Fwp%2Fv2%2Fmedia&parent=58"}],"curies":[{"name":"wp","href":"https:\/\/api.w.org\/{rel}","templated":true}]}}

<p>La creación de la Institución Educativa Pío XII, constituye un capítulo importante de la historia de Mocoa y el Putumayo, ligada a su desarrollo, por su aporte a la formación de juventudes, quienes hoy como profesionales y personas de bien se desempeñan en las diferentes áreas del saber y de producción de la región y del país.</p>



<p>En los inicios del siglo XX, encontramos las raíces de la fundación de la Escuela Primaria en el año 1907 y pasaron cincuenta años para la creación de la sección secundaria.&nbsp;</p>



<p>La sección secundaria fué fundada por Resolución Nro. 19 de fecha 19 de septiembre de 1.957, dictada por el Excelentísimo Sr. Obispo Fray Plácido Camilo Crous, Inspector General de la Educación en el Putumayo y ratificada por Decreto No 129 de fecha 19 de agosto de 1.958, dictado por el señor Comisario Especial Dr. José Félix Guerrero.</p>



<p>Comenzó a funcionar el primero de Octubre de 1.958 en el salón del convento de los R.R.P.P. misioneros capuchinos de la orden de San Francisco de Asís, con 26 alumnos de primer año, de los cuales terminaron 24.</p>



<p>Intervinieron para la consecución del Colegio, el Excelentísimo señor Obispo Fray Plácido Camilo Croux, el Reverendo Padre Fray Luis de Castellar, y los ciudadanos Dr. Jorge E. Viveros, Luis F. Quiroz, Anselmo Dávila, José J. Salazar, Felipe Hidalgo, Juan M, Herrera , Luis Max Bravo y Manuel J. Vivas.</p>



<p>El día 12 de Octubre de 1.958, se inauguró el colegio en las horas de la mañana en un acto solemne, tuvo lugar la bendición del salón donde iba a seguir funcionando el primer curso del “INSTITUTO PÍO XII SECCIÓN DE BACHILLERATO DE MOCOA”, en el convento de los reverendos Padres Misioneros Capuchinos, en cuyo acto de instalación llevaron la palabra los señores Enrique Morán, Luis F. Quiroz y el Reverendo padre Pascual de Castellar.</p>



<div class="wp-block-image" style="text-align: center;">
<figure class="aligncenter"><br><img loading="lazy" decoding="async" class="size-medium wp-image-302 aligncenter" src="http://186.112.214.2/web/wp-content/uploads/2019/04/HISTORIA_clip_image002_0002-300x270.gif" alt="" width="300" height="270">
<figcaption>Mocoa 1953 en el centro Padre Pascual de Castelar y Monseñor Camilo Croux.&nbsp;</figcaption>
</figure>
</div>



<div class="wp-block-image" style="text-align: center;">
<figure class="aligncenter"><br><img loading="lazy" decoding="async" class="size-medium wp-image-303 aligncenter" src="http://186.112.214.2/web/wp-content/uploads/2019/04/HISTORIA_clip_image002_0003-300x225.gif" alt="" width="300" height="225">
<figcaption>Mocoa, Escuela Primaria Pio XII 1951</figcaption>
</figure>
</div>



<p>Mediante Ley No 42 de Noviembre de 1.960, el Instituto Pio XII, pasó a denominarse Colegio Pio XII.</p>



<p>En 1.976 se empezó a brindar educación mixta en todos los grados.&nbsp;</p>



<p>El 7 de Abril de 1.987 el Ministerio de Educación Nacional aprueba los estudios del ciclo básico de la Media Vocacional y los cursos décimo y once de bachillerato mixto con las jornadas mañana y tarde.&nbsp;</p>



<p>Según Decreto 0605 del 16 de Diciembre de 2002 se cambia el término Colegio por Institución Educativa Pío XII con la integración de las sedes el Progreso, el Jardín y Centro de Educación Especial bajo una sola rectoría.</p>



<p><strong>RECTORES</strong></p>



<p>Los rectores que han dirigido la institución son:&nbsp;</p>



<p>Fray Pascual de Castellar, Enrique Morán, Fray Ricardo de Mataró, Padre Jesús Octavio Quintero, Padre Julio Roberto Morillo, Hermano Santiago Clemente González, Mg. Jesús Ernesto Maya Burbano, Lic. Luis Ernesto Paredes, Lic. Adolfo Paredes, Lic. Santander Medina, Lic. Carlos Ramírez Perea, Lic. Diógenes Burgos, Lic. Sigifredo Chamorro, Mg. Gerardo Sanchez, Esp. Manuel Narvaez, Esp. Jorge Eliecer Mustafá, Esp. Willington Hernando Viveros, Esp. Jorge Eliecer Mustafá. En el año 2007 llega a la rectoría el Esp. James Meza Sevillano actual rector.</p>



<div class="wp-block-image" style="text-align: center;">
<figure class="aligncenter"><img decoding="async" class="wp-image-64 aligncenter" src="http://186.112.214.2/web/wp-content/uploads/2019/04/Mustafa.jpg" alt="">
<figcaption>Esp. Jorge Eliecer Mustafa</figcaption>
</figure>
</div>



<p>&nbsp;</p>

<p>La creación de la Institución Educativa Pío XII, constituye un capítulo importante de la historia de Mocoa y el Putumayo, ligada a su desarrollo, por su aporte a la formación de juventudes, quienes hoy como profesionales y personas de bien se desempeñan en las diferentes áreas del saber y de producción de la región y [&hellip;]</p>
